{"id":243,"date":"2014-07-22T10:15:13","date_gmt":"2014-07-22T08:15:13","guid":{"rendered":"http:\/\/www.olg-anwaelte.de\/wordpress\/?page_id=243"},"modified":"2022-12-19T18:14:25","modified_gmt":"2022-12-19T16:14:25","slug":"bau-und-architektenrecht","status":"publish","type":"page","link":"https:\/\/www.olg-anwaelte.de\/?page_id=243","title":{"rendered":"Bau- und Architektenrecht"},"content":{"rendered":"<p><!--:de-->Meine Mandanten werden von mir in allen Belangen des Baurechts einschlie\u00dflich der Geltendmachung und\/oder Abwehr von Anspr\u00fcchen vertreten. Auch hier kann ich auf langj\u00e4hrige Erfahrung im F\u00fchren von Baurechtsprozessen insbesondere vor dem Oberlandesgericht zur\u00fcckgreifen.<!--:--><\/p>\n","protected":false},"excerpt":{"rendered":"<p>Meine Mandanten werden von mir in allen Belangen des Baurechts einschlie\u00dflich der Geltendmachung und\/oder Abwehr von Anspr\u00fcchen vertreten. Auch hier kann ich auf langj\u00e4hrige Erfahrung im F\u00fchren von Baurechtsprozessen insbesondere vor dem Oberlandesgericht zur\u00fcckgreifen.<\/p>\n","protected":false},"author":3,"featured_media":0,"parent":0,"menu_order":0,"comment_status":"closed","ping_status":"closed","template":"page-personal.php","meta":[],"_links":{"self":[{"href":"https:\/\/www.olg-anwaelte.de\/index.php?rest_route=\/wp\/v2\/pages\/243"}],"collection":[{"href":"https:\/\/www.olg-anwaelte.de\/index.php?rest_route=\/wp\/v2\/pages"}],"about":[{"href":"https:\/\/www.olg-anwaelte.de\/index.php?rest_route=\/wp\/v2\/types\/page"}],"author":[{"embeddable":true,"href":"https:\/\/www.olg-anwaelte.de\/index.php?rest_route=\/wp\/v2\/users\/3"}],"replies":[{"embeddable":true,"href":"https:\/\/www.olg-anwaelte.de\/index.php?rest_route=%2Fwp%2Fv2%2Fcomments&post=243"}],"version-history":[{"count":5,"href":"https:\/\/www.olg-anwaelte.de\/index.php?rest_route=\/wp\/v2\/pages\/243\/revisions"}],"predecessor-version":[{"id":507,"href":"https:\/\/www.olg-anwaelte.de\/index.php?rest_route=\/wp\/v2\/pages\/243\/revisions\/507"}],"wp:attachment":[{"href":"https:\/\/www.olg-anwaelte.de\/index.php?rest_route=%2Fwp%2Fv2%2Fmedia&parent=243"}],"curies":[{"name":"wp","href":"https:\/\/api.w.org\/{rel}","templated":true}]}}